 v(b) = 3299*b + 16496. Give v(-5).
1
Let w(a) = 91*a**3 - a**2 - 2*a + 3. What is w(1)?
91
Let y(s) = -2*s**2 + 25*s - 59. Give y(17).
-212
Let v(u) = 4033*u + 32261. Give v(-8).
-3
Let t(u) = -u**2 - 19*u + 97. Calculate t(-22).
31
Let a(u) = 2*u + 22. Calculate a(-5).
12
Let f(o) = o**3 + 59*o**2 + 158*o - 413. Calculate f(-56).
147
Let f(y) = -y**3 - 15*y**2 - 3491*y - 30927. Calculate f(-9).
6
Let z(r) = -82*r + 1312. Calculate z(15).
82
Let k(l) = -l**3 + 4*l**2 - 47*l + 4. Calculate k(-6).
646
Let m(b) = b**3 + b**2 - 62*b. What is m(9)?
252
Let r(c) = -c**3 - 25*c**2 - 61*c + 37. Determine r(-22).
-73
Let n(d) = -816*d - 2468. Calculate n(-3).
-20
Let g(a) = a**3 - 6*a**2 + 157*a - 1146. Calculate g(7).
2
Let g(r) = -r**2 + 83*r - 1171. Determine g(18).
-1
Let y(t) = 30*t**3 + 2*t**2 - 7*t - 6. Give y(-2).
-224
Let u(j) = 18*j + 6. Determine u(2).
42
Let v(m) = 29590*m - 147959. Give v(5).
-9
Let a(f) = 28*f + 1715. What is a(-61)?
7
Let a(x) = -6*x**2 + 35*x - 21. Give a(5).
4
Let j(o) = -4*o**2 - 4*o - 45. Determine j(-6).
-165
Let b(t) = t**2 - 44*t + 269. Give b(7).
10
Let a(g) = g**2 - 14*g - 69. What is a(15)?
-54
Let w(c) = c**3 + 15*c + 67. What is w(-3)?
-5
Let x(d) = 71*d - 25. Determine x(10).
685
Let x(y) = -18*y + 658. Determine x(41).
-80
Let u(d) = d - 89. Calculate u(-2).
-91
Let b(g) = g**3 - 28*g**2 + 71*g - 1979. Determine b(28).
9
Let i(a) = -a**3 - 5*a**2 + 124*a + 713. Calculate i(-6).
5
Let h(k) = 31*k**3 + 6*k**2 + 4*k - 2. Give h(-1).
-31
Let b(z) = -z**3 - 28*z**2 + 56*z + 68. Give b(-30).
188
Let y(x) = x**3 + 19*x**2 + 119*x + 279. What is y(-8)?
31
Let b(l) = -3*l**2 + 366*l - 369. Calculate b(1).
-6
Let y(s) = -29*s**3 + s**2 + 6*s - 7. What is y(1)?
-29
Let g(z) = -z**2 - 29*z - 31. Calculate g(-28).
-3
Let c(g) = 183*g**3 + 171*g**2 - 172*g + 1. Calculate c(1).
183
Let d(w) = 10*w**2 + 9*w + 14. Give d(-4).
138
Let p(d) = -21*d + 917. Give p(65).
-448
Let t(y) = -y**2 + 29*y + 19. Determine t(16).
227
Let u(t) = 16*t**2 + 608*t - 52. Calculate u(-38).
-52
Let y(m) = 139*m. Give y(1).
139
Let t(j) = -208*j - 131. Calculate t(-1).
77
Let k(b) = -489*b**2 + 163327*b - 328. Determine k(334).
6
Let x(i) = 65*i + 1101. Give x(-17).
-4
Let k(z) = -15*z - 224. Give k(-15).
1
Let f(t) = t**2 - 55*t + 756. What is f(24)?
12
Let x(v) = 11941*v + 35817. Give x(-3).
-6
Let n(t) = t**3 - 16*t**2 + 49*t - 113. What is n(13)?
17
Let x(a) = 416*a - 14974. Calculate x(36).
2
Let i(t) = 238*t + 498. Calculate i(-2).
22
Let u(m) = 5715*m + 108585. Give u(-19).
0
Let p(r) = -4*r**3 - 79*r**2 + 21*r + 8. Calculate p(-20).
-12
Let q(y) = -2*y**3 - y**2 - 430*y - 864. What is q(-2)?
8
Let u(n) = -61*n - 1635. Determine u(-22).
-293
Let l(h) = 4095*h + 61432. What is l(-15)?
7
Let y(j) = -1938*j - 7744. Calculate y(-4).
8
Let f(r) = r**2 - 20*r - 103. Determine f(25).
22
Let t(f) = f**3 + 28*f**2 + 10*f + 288. Give t(-28).
8
Let y(m) = -131*m - 1055. What is y(-8)?
-7
Let o(y) = -y**3 - y**2 - 4*y - 16. Calculate o(-3).
14
Let s(b) = 7*b**2 - 14*b + 40. Calculate s(3).
61
Let i(b) = -4*b**2 + 133*b - 889. Give i(9).
-16
Let w(r) = -r**3 + 6*r**2 + 685*r - 4101. Determine w(6).
9
Let y(m) = -2245*m + 8994. Give y(4).
14
Let h(i) = -701*i - 7027. Give h(-10).
-17
Let r(h) = -h**3 - 8*h**2 - 9*h - 8. What is r(-7)?
6
Let n(q) = 2*q**3 + 66*q**2 + 50*q - 179. Give n(-32).
269
Let o(b) = 4*b**2 - 270*b + 412. Give o(66).
16
Let n(i) = -i**3 - 50*i**2 - 126*i + 687. Determine n(-47).
-18
Let q(c) = c**3 + 27*c**2 + 25*c - 56. Calculate q(-26).
-30
Let j(b) = -b**3 + 11*b**2 - 14*b - 56. Determine j(9).
-20
Let z(r) = -1113*r - 25610. Calculate z(-23).
-11
Let n(k) = -333*k - 2491. Give n(-8).
173
Let m(g) = g**2 - 10*g - 205. Give m(-12).
59
Let l(o) = -o**2 - 107*o + 106. Calculate l(-108).
-2
Let c(t) = -t**2 + 36*t - 52. What is c(34)?
16
Let s(p) = 7*p**3 + 4*p**2 + 7*p. Calculate s(-1).
-10
Let c(u) = -30*u + 165. What is c(2)?
105
Let u(o) = -o**2 + 299*o + 10. What is u(0)?
10
Let p(q) = -4*q**2 - 667*q + 5046. Determine p(-174).
0
Let b(a) = -a**2 + 44*a - 314. What is b(34)?
26
Let w(g) = -2*g**3 - 14*g**2 + 87*g + 219. Determine w(-10).
-51
Let j(h) = -97*h - 2641. What is j(-27)?
-22
Let t(r) = 3*r**2 - 21*r + 36. What is t(6)?
18
Let b(w) = -19*w**3 + 1922*w**2 - 304*w + 103. Give b(101).
2
Let f(y) = y**3 + 53*y**2 + 47*y + 2436. Calculate f(-53).
-55
Let q(z) = z**3 + 12*z**2 - 31*z + 67. Calculate q(-14).
109
Let i(l) = 6*l**2 + 101*l + 126. Give i(-15).
-39
Let m(s) = s**2 + 86*s + 1845. What is m(-45)?
0
Let k(o) = 2*o**3 - 50*o**2 + 4*o - 92. Determine k(25).
8
Let n(i) = i**3 - 161*i**2 - 27*i + 4351. What is n(161)?
4
Let u(y) = -40*y + 1255. Determine u(32).
-25
Let l(d) = -d**2 - 41*d - 313. What is l(-10)?
-3
Let p(n) = 8*n**2 + 45*n + 30. Give p(-5).
5
Let v(y) = 235*y + 2323. Give v(-9).
208
Let r(l) = -750*l + 11232. Give r(15).
-18
Let z(w) = -3*w**2 - 20*w + 27. Determine z(-8).
-5
Let w(r) = -425*r - 2126. What is w(-5)?
-1
Let w(z) = -2*z**2 + 105*z - 1587. Determine w(25).
-212
Let a(d) = 4*d**2 - 23*d. Calculate a(6).
6
Let c(r) = 104*r - 571. Give c(6).
53
Let c(k) = -29*k**2 - 1655*k - 101. What is c(-57)?
13
Let h(l) = -3*l**2 + 146*l + 761. Calculate h(54).
-103
Let d(o) = 3*o**3 + 53*o**2 + 39*o + 62. Calculate d(-17).
-23
Let b(m) = -m**2 + 31*m + 98. Give b(38).
-168
Let j(i) = 5*i**3 + 6*i**2 - 59*i - 185. Give j(-3).
-89
Let i(q) = q**3 - 41*q**2 - 131*q - 47. Give i(44).
-3
Let a(y) = 317*y + 160. Determine a(-3).
-791
Let o(c) = -4*c**2 - 126*c - 156. Calculate o(-30).
24
Let t(q) = 2*q**2 + 32*q + 181. Determine t(-16).
181
Let x(r) = -6*r**2 - 449*r + 1470. Calculate x(-78).
-12
Let r(b) = b**3 + 16*b**2 + 19*b - 129. What is r(-14)?
-3
Let j(c) = -15*c**2 + 6*c + 19. Give j(3).
-98
Let v(a) = a**3 + 58*a**2 - 64*a - 278. What is v(-59)?
17
Let y(j) = 2*j**3 - 23*j**2 + 64*j - 383. Determine y(10).
-43
Let w(o) = o**2 - 34*o + 131. What is w(29)?
-14
Let j(s) = -s**2 - 24*s + 225. Give j(8).
-31
Let c(k) = -1205*k + 2. Give c(0).
2
Let m(s) = 400*s - 5635. Calculate m(14).
-35
Let h(a) = -a**3 - 3*a**2 + 637*a + 2517. Give h(-4).
-15
Let o(n) = -n**3 + 37*n**2 + 101*n + 90. What is o(40)?
-670
Let n(u) = 19*u**2 + 180*u + 301. What is n(-7)?
-28
Let l(f) = 78*f + 6. Determine l(0).
6
Let l(y) = -18*y**2 - 603*y + 996. Give l(-35).
51
Let a(k) = k**3 + 31*k**2 - 74*k - 24. Determine a(-33).
240
Let j(l) = -3*l**3 + 26*l**2 + 15*l - 27. Calculate j(9).
27
Let t(g) = -8*g**2 - 11*g + 22. Give t(-3).
-17
Let b(x) = 2*x**2 - 837*x + 1669. Determine b(2).
3
Let a(u) = 1794*u - 7211. Determine a(4).
-35
Let x(a) = -a**2 + 2*a + 9. Give x(5).
-6
Let f(h) = 86*h + 78. What is f(-3)?
-180
Let f(o) = 68*o - 1082. What is f(16)?
6
Let j(x) = -80*x - 351. Calculate j(-4).
-31
Let j(v) = -2*v + 171. Calculate j(-61).
293
Let a(q) = -q**3 - 28*q**2 + 30*q - 25. What is a(-29)?
-54
Let u(x) = 10*x - 83. Calculate u(12).
37
Let q(l) = 371*l + 6328. Determine q(-17).
21
Let m(o) = o**3 + 11*o**2 - 51*o + 223. Give m(7).
748
Let a(n) = -9*n - 29. Calculate a(1).
-38
Let g(h) = h**2 - 52*h + 155. Give g(56).
379
Let g(i) = -18*i**3 - 140*i**2 + 30*i - 14. Calculate g(-8).
2
Let c(r) = 10*r**2 + 71*r - 50. What is c(-8)?
22
Let m(j) = 2*j**2 - 65*j + 64. Determine m(33).
97
Let n(y) = -y**2 - 8*y + 220. What is n(-16)?
92
Let u(h) = 9*h + 107. Give u(-4).
71
Let q(j) = -4*j**2 - 13*j - 48. What is q(-6)?
-114
Let v(m) = 114*m - 1189. Calculate v(10).
-49
Let o(z) = 57*z + 34. Give o(-5).
-251
Let m(a) = -3*a**3 + 73*a**2 - 18*a - 74. What is m(24)?
70
Let g(x) = -x**3 - 3*x**2 + 3*x - 9. What is g(0)?
-9
Let g(c) = 3*c**2 + 36*c - 41. Determine g(-15).
94
Let u(q) = -q**3 + 220*q**2 - 207*q - 2622. Give u(219).
6
Let f(m) = -47*m**3 - 8*m**2 - 2*m - 1. Determine f(1).
-58
Let m(g) = -2*g**2 - 240*g - 1384. What is m(-6)?
-16
Let b(o) = 793*o - 5556. Give b(7).
-5
Let g(j) = -14*j - 108. Give g(-12).
60
Let v(z) = -z**3 - 23*z**2 - 4*z + 20. Give v(-23).
112
Let f(s) = 5293*s - 15892. Give f(3).
-13
Let x(z) = 512*z - 4073. What is x(8)?
23
Let u(m) = -28*m**2 - 307*m + 21. Calculate u(-11).
10
Let s(v) = v**2 + 80*v + 1540. What is s(-37)?
-51
Let v(x) = 5*x**2 - 195*x - 1883. Determine v(-8).
-3
Let l(z) 